at is the remainder when 40170 is divided by 10041?
6
Calculate the remainder when 164734 is divided by 315.
304
What is the remainder when 7036 is divided by 315?
106
What is the remainder when 4482 is divided by 2234?
14
Calculate the remainder when 16221 is divided by 5401.
18
Calculate the remainder when 12980 is divided by 852.
200
What is the remainder when 22717 is divided by 11349?
19
What is the remainder when 423281 is divided by 237?
236
Calculate the remainder when 387128 is divided by 11.
5
What is the remainder when 1725383 is divided by 536?
535
What is the remainder when 1304 is divided by 241?
99
Calculate the remainder when 4255 is divided by 899.
659
What is the remainder when 2890 is divided by 953?
31
Calculate the remainder when 12799 is divided by 6372.
55
Calculate the remainder when 31357 is divided by 2610.
37
Calculate the remainder when 20839 is divided by 20839.
0
What is the remainder when 28911 is divided by 2223?
12
What is the remainder when 43444 is divided by 406?
2
What is the remainder when 8679 is divided by 291?
240
What is the remainder when 61329 is divided by 162?
93
Calculate the remainder when 3662 is divided by 215.
7
What is the remainder when 2606070 is divided by 14?
12
Calculate the remainder when 3092 is divided by 103.
2
What is the remainder when 209032 is divided by 41805?
7
What is the remainder when 13415 is divided by 496?
23
Calculate the remainder when 27178 is divided by 394.
386
Calculate the remainder when 1128 is divided by 60.
48
What is the remainder when 36591 is divided by 537?
75
Calculate the remainder when 459032 is divided by 782.
780
What is the remainder when 25653 is divided by 754?
17
What is the remainder when 116041 is divided by 23207?
6
Calculate the remainder when 9766 is divided by 1367.
197
What is the remainder when 2411 is divided by 2216?
195
What is the remainder when 11301 is divided by 269?
3
What is the remainder when 80885 is divided by 27?
20
Calculate the remainder when 4276 is divided by 107.
103
Calculate the remainder when 3249 is divided by 917.
498
What is the remainder when 13282 is divided by 14?
10
Calculate the remainder when 127713 is divided by 40.
33
What is the remainder when 47485 is divided by 169?
165
Calculate the remainder when 19125 is divided by 1469.
28
What is the remainder when 92477 is divided by 19?
4
What is the remainder when 4243 is divided by 530?
3
What is the remainder when 47842 is divided by 3417?
4
Calculate the remainder when 54867 is divided by 508.
3
What is the remainder when 51201 is divided by 403?
20
Calculate the remainder when 97344 is divided by 32443.
15
Calculate the remainder when 19403 is divided by 6466.
5
What is the remainder when 12240 is divided by 104?
72
Calculate the remainder when 77584 is divided by 74.
32
Calculate the remainder when 54333 is divided by 143.
136
What is the remainder when 616 is divided by 92?
64
What is the remainder when 498 is divided by 14?
8
What is the remainder when 85282 is divided by 18?
16
Calculate the remainder when 20332 is divided by 759.
598
What is the remainder when 169676 is divided by 153?
152
What is the remainder when 21030 is divided by 296?
14
What is the remainder when 6138 is divided by 359?
35
What is the remainder when 2054 is divided by 342?
2
Calculate the remainder when 4572 is divided by 1410.
342
Calculate the remainder when 6219 is divided by 1233.
54
What is the remainder when 161667 is divided by 119?
65
Calculate the remainder when 2694 is divided by 185.
104
What is the remainder when 67824 is divided by 488?
480
What is the remainder when 23554 is divided by 23550?
4
Calculate the remainder when 7841 is divided by 261.
11
Calculate the remainder when 35473 is divided by 77.
53
What is the remainder when 94440 is divided by 7869?
12
What is the remainder when 11325 is divided by 9?
3
Calculate the remainder when 437 is divided by 432.
5
What is the remainder when 936 is divided by 107?
80
Calculate the remainder when 459393 is divided by 18.
15
What is the remainder when 1205 is divided by 14?
1
Calculate the remainder when 87743 is divided by 7.
5
Calculate the remainder when 1382 is divided by 111.
50
Calculate the remainder when 112380 is divided by 28091.
16
Calculate the remainder when 24129 is divided by 589.
569
Calculate the remainder when 1607 is divided by 1553.
54
Calculate the remainder when 55389 is divided by 1735.
1604
Calculate the remainder when 13244 is divided by 81.
41
What is the remainder when 164577 is divided by 164564?
13
What is the remainder when 307249 is divided by 17069?
7
Calculate the remainder when 1858 is divided by 331.
203
What is the remainder when 173 is divided by 50?
23
Calculate the remainder when 438125 is divided by 556.
553
What is the remainder when 567 is divided by 527?
40
What is the remainder when 32333 is divided by 160?
13
What is the remainder when 75586 is divided by 269?
266
Calculate the remainder when 45096 is divided by 215.
161
What is the remainder when 1710 is divided by 1700?
10
What is the remainder when 19283 is divided by 46?
9
Calculate the remainder when 4502 is divided by 4319.
183
Calculate the remainder when 56163 is divided by 28077.
9
Calculate the remainder when 142967 is divided by 17870.
7
What is the remainder when 4683 is divided by 236?
199
What is the remainder when 32024 is divided by 7?
6
Calculate the remainder when 49725 is divided by 23.
22
Calculate the remainder when 184 is divided by 31.
29
Calculate the remainder when 250082 is divided by 333.
332
Calculate the remainder when 6696 is divided by 70.
46
What is the remainder when 17323 is divided by 403?
397
Calculate the remainder when 47094 is divided by 673.
657
What is the remainder when 44651 is divided by 27?
20
What is the remainder when 110299 is divided by 9191?
7
Calculate the remainder when 526552 is divided by 7.
5
Calculate the remainder when 8434 is divided by 927.
91
Calculate the remainder when 54188 is divided by 10.
8
What is the remainder when 12107 is divided by 3021?
23
What is the remainder when 6150 is divided by 2019?
93
Calculate the remainder when 13703 is divided by 70.
53
What is the remainder when 23326 is divided by 113?
48
What is the remainder when 17618 is divided by 3519?
23
What is the remainder when 2540 is divided by 360?
20
Calculate the remainder when 948381 is divided by 24.
21
What is the remainder when 2674 is divided by 2254?
420
Calculate the remainder when 4575 is divided by 176.
175
What is the remainder when 488 is divided by 207?
74
What is the remainder when 2711608 is divided by 66?
64
What is the remainder when 226510 is divided by 37731?
124
What is the remainder when 2063 is divided by 37?
28
Calculate the remainder when 377284 is divided by 333.
328
Calculate the remainder when 28279 is divided by 2355.
19
What is the remainder when 240184 is divided by 56?
0
Calculate the remainder when 83348 is divided by 27773.
29
Calculate the remainder when 101323 is divided by 5958.
37
What is the remainder when 979619 is divided by 35?
4
What is the remainder when 43358 is divided by 3?
2
What is the remainder when 26753 is divided by 1146?
395
Calculate the remainder when 10255 is divided by 341.
25
What is the remainder when 148548 is divided by 393?
387
What is the remainder when 5874 is divided by 15?
9
Calculate the remainder when 30430 is divided by 10138.
16
What is the remainder when 1337 is divided by 116?
61
What is the remainder when 125999 is divided by 126?
125
Calculate the remainder when 408709 is divided by 47.
44
Calculate the remainder when 4829 is divided by 10.
9
What is the remainder when 10913 is divided by 19?
7
Calculate the remainder when 1573637 is divided by 226.
225
What is the remainder when 1769274 is divided by 575?
574
Calculate the remainder when 134324 is divided by 34.
24
Calculate the remainder when 32337 is divided by 96.
81
Calculate the remainder when 4178 is divided by 2039.
100
What is the remainder when 371388 is divided by 43?
40
Calculate the remainder when 2590277 is divided by 290.
287
Calculate the remainder when 86859 is divided by 86.
85
Calculate the remainder when 1293 is divided by 160.
13
What is the remainder